Let z be y(-9). Let u(r) = -3*r - 12. Let b(w) = z*u(w) - 17*p(w). Give b(-3).
1
Let s(l) = 2*l**3 + 12*l**2 - 18*l - 19. Let p be s(-7). Let o(t) = -11 + 0 - t + p. Let q be 1/(((-4)/6)/2). What is o(q)?
1
Let h(m) = -m**2 + 19*m - 72. Suppose 29*z - 5676 = 18*z - 462*z. Determine h(z).
12
Let a be (-6*6/8)/(40/16 - 2). Let g(d) = 9*d + 82. What is g(a)?
1
Let p(n) = n**2 - 10*n - 207. Let t be 60*((-4648)/(-498) + -10 + 1). Calculate p(t).
-7
Let n(k) = -5*k. Let j = -93 - -96. Suppose j = -15*d + 12*d. Let l be (d/2)/((-22)/88). What is n(l)?
-10
Let t(y) = 7*y + 47. Let h(l) = 3*l**3 - l**2 + 5*l - 7. Let b be h(0). What is t(b)?
-2
Let s(q) be the second derivative of -1/20*q**5 + 8*q - 1/2*q**3 + 1/2*q**4 - 2 + 0*q**2. What is s(4)?
20
Let a(n) = 3*n + n**2 + 3*n**2 + 1 - 2*n**2 - 9*n**2 + n**3. Let m(p) = 2*p**3 - 29*p**2 - 18*p + 52. Let j be m(15). Determine a(j).
22
Let l(i) = -i**3 + 3*i**2 - 2*i + 1. Let x = -70 - -110. Let z = 48 - x. Let k(y) = 2*y - 14. Let f be k(z). Calculate l(f).
1
Let o(d) be the third derivative of -d**6/360 + 110*d**3/3 + 77*d**2. Let h(t) be the first derivative of o(t). Determine h(-1).
-1
Let a(w) = 316 - 1038*w + 1317*w - 386*w. Determine a(3).
-5
Let x(h) = -h**2 - 16*h - 4. Let u = 4911 - 4927. Give x(u).
-4
Let c(g) be the third derivative of g**7/2520 - g**6/180 - g**5/30 - 7*g**4/24 + 2*g**2 + 10. Let p(t) be the third derivative of c(t). Give p(6).
8
Let q be 8/((-192)/(-30)) - 58/8. Let i(f) = 9*f + 60. What is i(q)?
6
Let j(b) = -4 + 6 + 4*b**2 - 4. Let x be ((-48)/(1200/(-125)))/(-5). Calculate j(x).
2
Suppose 7 = -8*c + 39. Let g(a) be the third derivative of 1/3*a**3 + 13*a**2 - 1/8*a**c + 0*a + 0 + 1/120*a**6 - 1/20*a**5. Determine g(3).
-7
Suppose 0 = -4*f - f + 10. Let k = 193 + -159. Let c(a) = -81*a + k*a - 3 + 49*a. What is c(f)?
1
Suppose 2*o + 0*o - 3*o = 0. Suppose o = 13*v - 11*v - 114. Suppose 0 = -8*w - v - 15. Let z(h) = -h**2 - 8*h + 12. Calculate z(w).
3
Let b(r) = -30*r + 180. Suppose -863*q = -932*q + 414. What is b(q)?
0
Let q(k) = -k - 13. Let o(u) = -38*u**2 + 645*u + 4. Let v be o(17). Determine q(v).
0
Let z(b) be the first derivative of -b**2/2 + 9*b + 17985. Let u = -3 - -7. What is z(u)?
5
Let y(g) be the third derivative of g**6/120 + 11*g**5/20 - g**4/8 - 33*g**3/2 + 790*g**2 + 5*g + 1. Give y(-33).
0
Let g(q) be the second derivative of q**3/6 - q**2 - 11*q. Suppose 0 = -3*p + 5*n + 1 - 4, 0 = -3*n - 9. Give g(p).
-8
Let z(x) be the first derivative of x + 1/2*x**2 - 44. Let m(b) = -b**3 - 4*b**2 + 3*b - 7. Let y be m(-5). Calculate z(y).
4
Let o(j) = 21*j + 2022. Let b(s) = -4*s - 289. Let l(n) = 27*b(n) + 4*o(n). What is l(12)?
-3
Let c(y) = 2*y + 12. Let t be (1 - 114/102)*-17. Suppose -t*u - 14*u + 112 = 0. What is c(u)?
26
Let m(v) = 3*v + 130. Let g(d) = -d - 58. Let n(x) = 9*g(x) + 4*m(x). Determine n(1).
1
Let j = -3163 + 3175. Let c(a) = a**2 - 12*a + 12. Calculate c(j).
12
Let j(f) = f**2 - 6*f - 3. Suppose -252 = 4*t + 852. Let v = 283 + t. Calculate j(v).
4
Let p(i) = -2*i**2 + i**3 - 9 + 14*i**3 - 18*i**3 + 7*i**3 - 2*i**2 - 3*i. Give p(3).
54
Let n(a) = a**3 + 8*a**2 - 3*a - 3. Suppose -3*s - 4*b - 9 = 0, 14*b - 12*b = -3*s - 15. Determine n(s).
67
Let o(j) = 5*j**2 - 5*j + 3. Suppose 0 = -1111*u + 1115*u + 3*m - 27, -3*u - 3*m + 24 = 0. Calculate o(u).
33
Suppose -5*t = 4*d - 15, -3*t + 6*t - d = 26. Let j(i) = i**2 - 6*i - 12. Let r be j(t). Let l(f) = f**3 + 6*f**2 + 7*f + 4. Calculate l(r).
-6
Let a be (-1 - 34)*1*1. Let f = a + 37. Let d(b) = 3*b - 3 - 5*b + f*b - b. Calculate d(3).
-6
Suppose 5*a - 4*y - 24 = 0, -3*a + 4*y = -a. Let h(w) = 0*w - 3*w - 306310 + 612616 - 306302. Determine h(a).
-20
Let l = -611 - -589. Let k be 8/l*(-55)/2. Let x(n) = n - 18. Calculate x(k).
-8
Suppose -2*s + 3*s - 5 = 0. Let u(l) = -12*l - 9. Let h be u(-15). Let c(x) = -339 - x**3 + 5*x**2 + 173 + h. Give c(s).
5
Suppose -5*i - 18 = -0*w - 2*w, -4 = 2*i. Let r(s) = -5*s + 7*s**2 + s**2 - 2*s**2 + w*s. Suppose 0 = -12*q + 277 - 289. Give r(q).
7
Let f be 0/(2 - (-5 + 8)). Let g(l) = l. Let h(z) be the second derivative of -z**3 - 4*z**2 - 10*z. Let i(y) = -5*g(y) - h(y). Calculate i(f).
8
Let m = 199 + -202. Let y be 5/((-39)/(-18) + m). Let b(o) = o**2 + 7*o + 1. Determine b(y).
-5
Let b(m) be the first derivative of 27*m**2/2 + 47*m - 3362. Calculate b(-2).
-7
Suppose 30 = 10*b - 0. Let u(o) = -153*o + 6*o**2 + 3 - 10*o**2 + o**b + 150*o. Let h(c) = 4*c**3 - c + 1. Let w be h(1). Determine u(w).
-9
Let u(l) = 6*l**2 + 6*l + 1. Let j(r) = r**2 + r + 1. Let i(m) = -5*j(m) + u(m). Let g = -861 - -861. Suppose -15*a + 9*a = g. Calculate i(a).
-4
Let f(z) = 20*z + 15 - 3*z**3 - 31*z + 2 - 19*z**2 - 38. Determine f(-6).
9
Let p(u) be the first derivative of -u**4/2 + u**3 - 3*u**2/2 + u - 51. Let b = -39 - -44. Suppose b*r + 5 = 0, -4*x + 5 = -r - 4. Give p(x).
-9
Let j = 98 - 99. Let g be j*20/25*(-15)/(-2). Let a(i) = i**3 + 6*i**2 - 4*i + 2. What is a(g)?
26
Let h be (39/9)/(4/(-84)). Let s = 90 + h. Let r(n) = -n - 1. Determine r(s).
0
Let g(f) = 2*f**3 - 8*f**2 - 7*f - 1. Let t(i) = i**3 - i**2 - i + 1. Let m = -162 - -161. Let a(x) = m*g(x) + t(x). Suppose -27 = -3*r - 3. Give a(r).
-14
Let q(v) = -v**2 + 6*v - 4. Let a = -2271 - -2275. Calculate q(a).
4
Let c = -60 - -24. Let a = 38 + c. Let h(k) = 5*k**2 - 2*k**3 + 4*k**3 + 0*k**a - 5*k - 3*k**3. Determine h(4).
-4
Let t(d) = d**3 + 8*d**2 - 10*d + 13. Let o be (-3*1)/((-23 + 21)/(-6)). Calculate t(o).
22
Let m(s) = -5*s**2 - 545*s - 1573. Let g be m(-106). Let h(j) = -j**2 + 12*j + 34. What is h(g)?
-51
Suppose 2*v + 57 = -1423. Let a = v + 749. Let q(o) = -o**3 + 8*o**2 + 8*o - 12. Calculate q(a).
-21
Let s(v) = 16463*v - 16462*v + 0*v**3 + v**3 + 2*v**3. What is s(1)?
4
Let x be (-692 - -669) + 51/2. Let s(o) be the second derivative of -1/12*o**4 - 1/3*o**3 + o + 0 - x*o**2. What is s(-5)?
-20
Let l be (-875)/(-1125) - (1 - 22/18). Let h(c) = -5*c**2 - 3*c + 1. Let f(k) = -k**2 + k. Let j(y) = l*h(y) + 2*f(y). Let m = -2 - -3. Calculate j(m).
-7
Let x(b) = b**3 - 13*b**2 + 24*b + 5. Let d be x(11). Suppose -30 = -d*z + 17*z. Suppose t = 4*r + 28, z = t - 0*t + r. Let s(a) = -a + 5. Give s(t).
-3
Let g(p) be the third derivative of 0*p + 0 + 1/12*p**4 + 4/3*p**3 - 46*p**2. Determine g(-7).
-6
Suppose 53 = -5*w + 93. Suppose -9*q = -w - 28. Let p(l) = 2*l**2 + 3. Let c(r) = -r**3 + r**2 - r. Let o(d) = -c(d) - p(d). Calculate o(q).
17
Let w(h) = -15*h + 206. Let a be w(28). Let g = a - -219. Let r(q) = q**3 - 6*q**2 + 3*q - 2. What is r(g)?
-12
Let i(r) be the first derivative of -3*r**4/4 + 2*r**3/3 - r**2 - 4*r + 3124. What is i(-2)?
32
Let u(z) = -4865*z + 17626. Let w(p) = 128*p - 461. Let a(k) = 2*u(k) + 77*w(k). Give a(2).
7
Suppose 0 = -5*p - 5*v + 128 + 117, 0 = 2*p - 4*v - 104. Let l(m) = p*m - 5 - 32*m - m**2 - 29*m. Calculate l(-11).
-5
Let i = 206/231 - 43/77. Let n(d) be the first derivative of 52 + 2*d + i*d**3 - 5*d**2. What is n(7)?
-19
Suppose 83*w = 78*w - 20. Let f(l) = -l + 17. Give f(w).
21
Let l = 7253 + -7258. Let p(d) = 2*d - 6. Give p(l).
-16
Let m(x) = -3*x**3 + 2*x**2 + 2*x - 3. Let v be m(1). Let l(c) = -1633*c**3 + 816*c**3 + 821*c**3 + c**2 - 2*c - 7 + 7. Give l(v).
-24
Let z(o) = o**2 - 14*o - 5. Let y(n) be the second derivative of 2*n**3/3 - n**2/2 + 27*n. Let m(p) = -5*y(p) - z(p). Determine m(-8).
-6
Let k(m) = -m**3 + 6*m**2 + 6*m + 10. Let j be (-6)/(-9) - (-104)/24. Let p be 3*1*44/33. Suppose -37 = -j*s - p*r + 6, -3*s + 27 = 3*r. What is k(s)?
3
Let s = 113 - 116. Let f = -8 + 12. Let o(h) = -h**3 - 6 + 0*h - 2*h + 5 - f*h**2. Determine o(s).
-4
Let o(b) = -10*b - 8. Suppose -180 - 840 = 60*j. Determine o(j).
162
Let s(n) be the second derivative of -2*n**2 - 2*n - 1/2*n**3 + 4. Give s(-1).
-1
Let a(k) = 6881*k - 6865*k + 44 - 7 - 3*k**2. Calculate a(7).
2
Let s(o) = 2*o**2 + 2*o - 1. Let v(z) = -z**3 + 7*z**2 + 10*z. Let x(m) = 4*s(m) - v(m). Determine x(0).
-4
Let p = 91 + -19. Let q(z) = -145*z + p*z + 71*z. What is q(5)?
-10
Let b = 12010 + -11994. Let h(g) = -2*g**2 + 38*g - 92. Determine h(b).
4
Suppose -132*b + 133*b = 4. Let o = 38 - 24. Suppose 6*v - b*v = -o. Let l(i) = -i - 8. What is l(v)?
-1
Let y = 767 + -124. Let o = y + -643. Let g(j) be the fir